uppose 4*r - r = 0. Suppose r = 3*c - 5*q - 162, -5*q = 2*c - 0*c - 108. What is the units digit of c/(-4)*(-2)/3?
9
Suppose 3*x = x + 4. Suppose 2*g + x*g - 60 = 0. What is the tens digit of g?
1
What is the units digit of (-44 + 18)/(4/(-14))?
1
Let z(d) = -d**3 + 4*d**2 + 3*d + 2. What is the units digit of z(4)?
4
Let q(s) = -s**2 - 7*s - 6. Let d(n) = n**3 - 3*n**2 - 2*n + 2. Let m be d(3). What is the units digit of q(m)?
6
Let c(n) = n**3 + 4*n**2 + 4*n + 2. Let h be c(-3). Let x be h + (2 - (-1 + 1)). What is the tens digit of ((-1)/3)/(x/(-33))?
1
Let h = -72 + 97. What is the units digit of h?
5
Let a(d) = -d**3 + 6*d**2 + 10*d. What is the units digit of a(6)?
0
Suppose 0 = p + 2*p - 3. Let s = 5 + p. What is the units digit of s?
6
Suppose -5*p = 2*v - 809, 6*v = -2*p + 9*v + 316. What is the tens digit of p?
6
Let r = 19 + -4. Suppose l + r = -l + 5*a, 4*a - 15 = l. What is the units digit of l?
5
Suppose -2*b + 117 = b. Suppose w - 4 = -w. Suppose -w*l = l - b. What is the units digit of l?
3
Let m(s) be the third derivative of s**4/24 - s**2. What is the units digit of m(4)?
4
Suppose 2*g + 202 = 3*d, -213 = -4*d - g + 49. What is the units digit of d?
6
Let h = -3 - -5. Suppose -3*k - 2*k = -15. Suppose -3*c - h*w = w - k, -2*c = -5*w - 30. What is the units digit of c?
5
Let q be 104/(-6) - (-10)/30. Let r = -8 - q. What is the units digit of r?
9
Let b be 2 - (236*-1)/4. Let p = 90 - b. What is the tens digit of p?
2
Suppose -6*w - 56 = -2*w. Let t(s) = -6*s - 1. Let i be t(-4). Let m = i + w. What is the units digit of m?
9
Let s(u) = -u**2 + 5*u - 4. Let v be s(5). Let h be 8 - -3 - (-1 - v). What is the units digit of 6/4*h/4?
3
Let a(u) = u**3 + 15*u**2 + 5*u. What is the tens digit of a(-14)?
2
Suppose 2*z - 6*z = -12. Suppose 3*t + d - z*d + 10 = 0, 10 = 2*d. Suppose t = 5*f - f - 36. What is the units digit of f?
9
Suppose -3*i = -5*i + 6. Suppose -3*g - 16 = -4*l, -i*g + g + 3*l = 12. Let x = 2 + g. What is the units digit of x?
2
Let y be 730/(-22) + (-8)/(-44). Let p = y + 54. What is the units digit of p?
1
What is the units digit of 2/(48/20 + -2)?
5
Suppose y = -m - 3*m + 7, -3*m = -4*y - 10. Let v = m + 1. What is the units digit of v?
3
Let x(v) = -v**2 + 6*v - 1 + 4 - 6. Let s be x(5). Suppose s*n - 1 - 15 = 0. What is the units digit of n?
8
Suppose 6*j = 2*j - 5*v + 29, -5 = -v. Suppose 3*r = 4*r - j. What is the units digit of r?
1
Let m be 2/(0 - 8/(-20)). Suppose -i + 4 = -m. What is the units digit of i?
9
Suppose -2*r + 8 = 2*r. Let g(c) = -4*c + c**2 + 1 - r*c - 2*c + 3*c. What is the units digit of g(5)?
1
Let u(v) = -v**3 - 4*v**2 + 7*v + 5. Let j be u(-5). Let t be -1*(0 - j)*-1. Suppose d + t = 2*d. What is the units digit of d?
5
Suppose 2*t = -3*q - 15, 0 = -5*q + q + 4*t. What is the units digit of q/(-6) - 14/(-4)?
4
Suppose 0*l + 5*l = 0. What is the units digit of 3 + l + (1 - -2)?
6
Let a(i) be the first derivative of -i**4/4 - 4*i**3/3 + 5*i**2/2 + 3*i - 1. Let r be a(-5). Let k = 1 + r. What is the units digit of k?
4
Let t(s) = s**3 - s**2 - 3*s + 1. Let u be t(2). Let n(q) = -2*q**2 - 2. Let p(f) = -1. Let i(v) = u*n(v) + 2*p(v). What is the units digit of i(2)?
8
Suppose 4*r - 478 = -2*u - 92, -u + 4*r + 217 = 0. What is the tens digit of u?
0
Let a(m) = -24*m. Let s be a(-3). Let q be ((-2)/4)/(6/s). Let d(n) = -n**3 - 6*n**2 - 4*n - 7. What is the tens digit of d(q)?
1
Let q be (-1 - -17)*6 - 2. Let z = 134 - q. What is the units digit of z?
0
Suppose 5*b - 3 - 7 = 0. Suppose 2*u + b - 12 = 0. What is the units digit of u?
5
Suppose -2*d + 21 = 71. What is the tens digit of (d/20)/((-1)/12)?
1
Let b be 84/35 - 4/10. Suppose -4*x = u - 10, -x - u = -b*x. What is the units digit of x?
2
Let p(y) = -y - 3. Let j be 2/(2 + 10/(-4)). Let f be p(j). What is the tens digit of 8 + (f + -3)*-1?
1
Let z be -1*(-1 - (-4)/(-2)). Suppose -y + 30 = z*y + 5*q, 0 = -4*y + q + 42. What is the tens digit of y?
1
Let c = 5 + -9. Let x = c - -6. What is the units digit of x?
2
Suppose 0 = 3*j + 2*j. Suppose j*x - 4*x = -44. What is the tens digit of x?
1
Let n(x) be the first derivative of 31*x**3/3 + x**2/2 + x - 2. What is the units digit of n(-1)?
1
Let a(m) = -28*m - 1. Let f be a(-1). Let u = f - 19. What is the units digit of u?
8
Let f = 26 + -17. Suppose f*s - 7*s - 68 = 0. What is the units digit of s?
4
Let s = -130 - -222. What is the tens digit of s?
9
Suppose 4*j = 3*j + 2. Suppose -5 + j = -q. Suppose -2*g = -3*i + 17, -4*i - 4*g + q*g = -19. What is the units digit of i?
5
Let l = -35 + 120. What is the tens digit of l?
8
Let i(a) = -a**3 - 5*a**2 - a - 1. Let x be i(-5). Suppose 9 = x*f - f. What is the units digit of f?
3
Suppose 4 = -k - k - h, 5*k + 3*h + 12 = 0. Let q = k - -2. What is the units digit of q?
2
Suppose 2*b - 5*b + 2*s - 4 = 0, 0 = 2*s - 4. Suppose 2*p = p - 5*c - 25, -c - 5 = b. Suppose -r + 2 = -p*r. What is the units digit of r?
2
Let l(j) = 2 - 4 + 3*j - 7 - 9*j. What is the units digit of l(-8)?
9
Suppose l + 32 = -3*t, -4*l + 15 = -5*t + 75. Let c be 8/5*l/(-8). Suppose 2*h - h - c = 0. What is the units digit of h?
4
Let w = 18 - 15. What is the units digit of w?
3
Let m be 14/(-4)*18/(-9). Let y(n) = 3*n - 9. What is the tens digit of y(m)?
1
Let c(g) = -3*g + 1. Let m(v) = v**3 - 5*v**2 - 3. Let w be m(5). What is the units digit of c(w)?
0
Let q(b) = -b**3 + b**2 + b + 18. Suppose 0 = -2*f + 5*f. Let d be q(f). Suppose -3*i - 3*s = -24, 3*i - 3*s + 4*s - d = 0. What is the units digit of i?
5
What is the tens digit of 911/9 + -2 - (-4)/(-18)?
9
Let d = -39 + 74. What is the units digit of d?
5
Let t(n) = -n**3 + 10*n**2 - 10*n - 11. What is the tens digit of t(5)?
6
Let a be -5*(72/(-10))/(-3). What is the units digit of (-10)/(-2) + (a - -10)?
3
Let q = -6 + 11. Let k = 10 + q. Let m = -10 + k. What is the units digit of m?
5
Let u(h) = -h**3 + 10*h**2 + 5*h - 11. What is the units digit of u(5)?
9
Let u(w) = 2*w**2 + 3*w - 4. Let g be u(-3). Suppose 3*s + 0*s = -5*q + 61, q - 29 = g*s. Suppose 3*y - y = q. What is the units digit of y?
7
Let k(s) = 73*s - 4. What is the hundreds digit of k(3)?
2
Suppose 4*d - q - 210 = 0, 5*d + q - 257 = 5*q. Let p = d + -35. What is the tens digit of p?
1
Suppose r = 3*d - 3, -4*r + 3*d - 6 = -2*r. Let z(t) = t**2 - 5*t. Let o be z(4). What is the units digit of (54/o)/r*2?
9
Let u(d) = -20*d**2 - 3*d + 2. Let h be u(1). Let x = h + 30. What is the units digit of x?
9
Let v(m) = 2*m - 11. Let l be v(8). Suppose 0 = 5*u - 2*u - l*p - 8, 5*u + 2*p = 3. What is the units digit of u?
1
Let r = 32 + 8. Suppose -2*o - 56 = -4*f, r = 3*f + 2*o - 4*o. Let g = f + -4. What is the tens digit of g?
1
Let v = 53 + -23. Let w = v - 16. What is the units digit of w?
4
What is the tens digit of ((-80)/(-12))/((-1)/(-3))?
2
Suppose 3*w - 23 = -2*f, 3*w - 2 = -4*f + 53. What is the tens digit of f?
1
Let s(m) = 2*m**2 + 5*m - 4. Let i(d) = -d**2 + d + 1. Let f(u) = -u**3 - u**2 - 6. Let g(q) = -f(q) - 2*i(q). Let p be g(-4). What is the units digit of s(p)?
8
Let v = -10 + 13. Suppose -5*k = -113 - 27. Suppose -5*c + c - 4*t = -k, v*t = 2*c - 24. What is the units digit of c?
9
Let t be 25/3 + (-2)/6. What is the units digit of (-2)/(t/(-3) + 2)?
3
Suppose -3*s = -0*s + 3*v + 24, 3*s = -5*v - 20. What is the units digit of 2*4*(13 + s)?
4
Let c(t) = 0*t**2 + 0*t**2 + t**2 - 2*t. What is the tens digit of c(5)?
1
Let d be (-10)/(-25) + (-1816)/(-10). Suppose 0 = 3*n + 62 - d. What is the tens digit of n?
4
Suppose -18 = 4*h - 90. Suppose -i + 47 = h. What is the tens digit of i?
2
Let a = -1 - -3. Let g = 6 - a. Suppose -2*o + 32 = -2*y + 2, 5*o = -g*y + 102. What is the tens digit of o?
1
What is the tens digit of (-4)/(-10)*(26 + -1)?
1
Suppose 3*i + 3*x - 13 = -1, -3*x + 6 = 0. Suppose -5*a + 17 = -8, i*w + 3*a = 33. What is the units digit of w?
9
Let q = 80 - 44. Let p = q + -26. What is the units digit of p?
0
Let i(m) = m**2 + 4*m - 8. What is the units digit of i(7)?
9
Suppose -2*v = 24 - 108. What is the tens digit of v?
4
Suppose 2*d = -6*d + 584. What is the units digit of d?
3
Let p(t) = -6*t**3 + t. Let r = 4 - 6. Let w be p(r). Let b = w - 30. What is the tens digit of b?
1
Suppose 0 = 5*n - 3*n - 106. What is the units dig